 4*a**2 - 4 + 7 + 10*a. What is j(d)?
3
Let o(d) = 10*d**3 - 9*d**2 - 4*d + 7. Let v(r) = 17*r**3 - 17*r**2 - 8*r + 12. Let t(p) = -5*o(p) + 3*v(p). Let f = 9 + -3. Determine t(f).
-23
Let f(h) be the first derivative of -h**2/2 - 18*h + 2. Let u(s) = -26*s + 234. Let w be u(9). Determine f(w).
-18
Let y(n) = -4*n - 2*n - 24*n - 17 + 37*n - 9*n. Give y(-28).
39
Suppose -p = 11*p - 972. Let o = p - 72. Let r(h) be the third derivative of -h**5/60 + 5*h**4/12 - 5*h**3/3 - 4*h**2. What is r(o)?
-1
Let y(t) = 4*t**2 - 245*t + 1180. Let c be y(5). Let g(b) = -b**3 + 56*b**2 - 53*b - 105. Calculate g(c).
5
Let h = 254 + -257. Let n(s) = 2*s. Let r(l) = 2*l**2 + 4*l - 2. Let g(a) = -2*n(a) + r(a). Determine g(h).
16
Let i(b) = b + 7. Let r(p) = -7 - 35*p**2 + 12*p**2 + 5*p - 8*p**2 + 49. Let n(g) = -6*i(g) + r(g). What is n(1)?
-32
Suppose 3*y = -3*o + 39, 2*o - 2*y - 34 = -0*o. Let h = 18 - o. Let f(k) be the third derivative of -k**5/20 + 5*k**4/24 - k**3/3 + 18*k**2. Calculate f(h).
-14
Let w(z) = 17*z - 63. Let y(f) = 28*f - 123. Let s(d) = 7*w(d) - 4*y(d). Calculate s(-10).
-19
Let u(j) = 27*j**2 - j - 4. Let t be u(-3). Let q = t - 245. Let g(o) = -o**3 - 3*o**2 + o + 4. Calculate g(q).
1
Let h(t) = 30*t**2 - 150*t - 72. Let m(q) = -8*q**2 + 39*q + 18. Let v(b) = 5*h(b) + 19*m(b). Calculate v(-2).
-8
Let n be 3*(2 - 1) - (-336)/21. Suppose -2*x + 6 = x + 3*d, 4*d = 5*x - n. Let m(l) = -3 + l**3 + l + 2*l**2 + 1 - x*l**2 + 3*l**2. What is m(-3)?
-14
Suppose -f + 3*s = 100 + 41, -3*f - s - 373 = 0. Let c be (-840)/f*3/5. Let z(y) = -y**2 + 3*y - 2. Calculate z(c).
-6
Let s(w) be the third derivative of -3*w**2 + 0*w + 2/3*w**3 + 1/24*w**4 + 35. Calculate s(6).
10
Let c(o) = 3*o - 14. Suppose -2*f + 5*u + 427 - 436 = 0, 0 = u - 3. What is c(f)?
-5
Let w(f) = -f**2 + f - 1. Let b(t) = -8*t**2 + 14*t - 7. Let n(p) = -b(p) + 9*w(p). Let i = 1 + 2. Suppose i + 5 = -2*k. Give n(k).
2
Let x(t) be the third derivative of -t**5/60 + 5*t**4/6 + 27*t**3/2 - 59*t**2. Let i be x(23). Let n(z) = -z + 25. Give n(i).
13
Let c(t) = 5*t**2 + 51*t + 113. Let i be c(-3). Let l(f) = f**3 - 3*f**2 - 3*f - 11. What is l(i)?
24
Let g(r) be the third derivative of -r**4/24 + r**3/6 - r**2 - 18957*r. Let c = 0 + -2. Give g(c).
3
Suppose -6*h + 265 = 133. Suppose h*r - 18*r - 24 = 0. Let g(n) = -n**3 + 7*n**2 - 6*n - 6. Determine g(r).
-6
Let q(a) be the first derivative of 3*a**2/2 - 133*a - 2730. Calculate q(30).
-43
Let c(s) = -6*s**2 - 6*s + 56 - 58 - s**2 + 8*s. Let q = 9 + -7. What is c(q)?
-26
Let t(y) be the third derivative of -y**5/60 - 9*y**4/8 - 13*y**3/3 + 190*y**2 - 4*y. What is t(-26)?
0
Suppose 8 = f + 19*s - 16*s, -4*s + 24 = -2*f. Let x(r) = -1. Let k(g) = 2*g + 7. Let o(q) = f*x(q) - k(q). Calculate o(-5).
7
Let k(x) = -1 - 127*x**3 - 3*x**2 + 209*x**3 - 80*x**3 - x**3. Suppose -4*w - 3*n - 12 = -1, -w = -3*n + 14. Let q = w - -9. What is k(q)?
15
Suppose 8*d + 7*d + 5*d + 140 = 0. Let t(q) = -q**3 - 8*q**2 - 6*q + 9. Let j(k) = -k**3 - 8*k**2 - 5*k + 8. Let i(b) = -4*j(b) + 3*t(b). Determine i(d).
30
Let i(l) = 7 - 4 + l**3 + 0 - 4*l**2. Let f = 77 - 63. Suppose -3*z - 5 = -f. Give i(z).
-6
Let u(f) be the third derivative of f**5/60 + 29*f**4/24 - 12*f**3 - 60*f**2 - 3. What is u(-31)?
-10
Let x(h) be the first derivative of h**4/4 - 16*h**3/3 - 9*h**2 + 10*h + 1120. Give x(17).
-7
Suppose -7*c - 1745 - 348 = 0. Let d = c + 297. Let t(u) = 2*u**3 + u + 2. What is t(d)?
-16
Let d(i) = -i - 8. Let w(x) = -2*x + 15. Let j be w(8). Let b be (5 - j)*13/39. Suppose -b*p + 4*p + 11 = 3*g, 37 = -5*p - 2*g. Determine d(p).
-1
Let b = 158 + -150. Let x(h) be the first derivative of -h**3/3 + 3*h**2 + 7*h + 110. Determine x(b).
-9
Let v(z) = 14*z + 3. Let l be v(4). Let c = l + -19. Let f(j) = c*j + 42*j + 6 - 2 - 77*j. What is f(3)?
19
Let q(f) = 31 - 13 - f**3 - 10*f**2 - f**2 - 11 - 12 - 2*f. Determine q(-11).
17
Let r(n) = -566503 + 566502 - n + 2*n. Suppose q + 3 = -2*g, 2*g = -0*g - 4*q + 12. What is r(g)?
-5
Let v(p) = -11*p**2 - 22*p + 19. Let s(t) = 638 - 14*t - 626 - 2*t**2 - 5*t**2. Let g(n) = 8*s(n) - 5*v(n). Calculate g(-3).
-2
Suppose 5*g + 2*d + 6 = 0, -5*g + 382*d + 6 = 380*d. Let w(m) = -m**3 + m**2 + 12. Calculate w(g).
12
Let a(b) = 97*b**2 - 52*b + 7. Let c(j) = 34*j**2 - j. Let r(f) = a(f) - 3*c(f). Calculate r(-10).
-3
Let r(p) = -3*p - 5. Let m(k) = -4*k. Let f(u) = 4*m(u) - 3*r(u). Calculate f(4).
-13
Suppose 4*p + 10 = 3*q + 62, -2 = p + 3*q. Let t(z) be the second derivative of z**3/6 - 11*z**2/2 + z - 2. Calculate t(p).
-1
Suppose -7 = 3*i - 4*t, -2*i + 15*t = 13*t + 6. Let u be (i/15)/1 + 40/12. Let a(x) = -4*x + 2. Determine a(u).
-10
Let d(r) = 2*r**2 + 12*r - 31. Let b be d(-8). Let w(x) = -17*x**3 - 6*x + 5. Let a(k) = -k + 1. Let h(j) = 4*a(j) - w(j). What is h(b)?
18
Suppose -k + w = 0, -8 - 2 = -2*k - 3*w. Let u(z) = -8*z - 3*z**2 - z**2 + 3*z**k - 8 - z. What is u(-8)?
0
Let y(n) = n**3 - n**2 - 3*n - 2. Let w be y(3). Suppose -4*z - w = -5*k, -20 = -z - 3*z - 4*k. Let s(j) = -12*j**z + 15*j**2 + j + 3*j**3 - 2*j**3. Give s(-2).
2
Let v(y) = y**3 - 4*y**2 - 6*y - 3. Let s(r) = -6*r - 7. Let z be s(5). Let k = -16 - z. Suppose -11*w - k + 76 = 0. What is v(w)?
-8
Let z(x) = -x - 8. Let j(q) = -47*q**2 - 6*q - 4. Let m be j(-2). Let w = 176 + m. Determine z(w).
-4
Let p be (-4)/1 + (-11 + 95 - -4). Let k(r) = -p*r**2 + 187*r**2 + 2 + r - 89*r**2. What is k(-1)?
15
Let a(z) = 1052*z + 5255. Let f be a(-5). Let j(x) be the second derivative of -x**3/2 - 4*x**2 + x. Give j(f).
7
Let u(y) = -59*y - 9. Let m(n) = 158*n + 27. Let r(g) = -3*m(g) - 8*u(g). Determine r(-11).
13
Let g(x) = -x**2 - 29*x - 86. Let q be g(-20). Let b = -98 + q. Let l(d) = d**3 + 5*d**2 + 2*d - 1. Give l(b).
7
Let s(f) = 140*f + 1 - 139*f - 6. Let n(k) = k - 6. Let q(m) = 4*n(m) - 5*s(m). Let r = -158 + 158. Give q(r).
1
Suppose 4*b - 9 = -b + 4*w, 5*b - 6 = w. Let r be 10/10*1*(b + -1). Let g(p) = p**3 + p - 2. Calculate g(r).
-2
Suppose 25 = 3*t - 2. Suppose 10*x - t*x + 7 = 0. Let m(o) = o**3 + 6*o**2 - 10*o - 5. What is m(x)?
16
Let y be (-102)/153 - ((-1704)/(-90) + (-3)/5). Let k(z) = -z**3 - 18*z**2 + 18*z - 14. Calculate k(y).
5
Let x(f) = f**3 - 3*f**2 + f + 5. Let o(j) = j**3 - 2*j**2 + j + 4. Let a(y) = -4*o(y) + 3*x(y). Let d = -214 + 212. Determine a(d).
5
Suppose 0 = 12*j + 26*j - 190. Let l(a) = a**2 - 1. Let i(r) = 5*r**2 - 5*r. Let h(q) = -i(q) + 4*l(q). What is h(j)?
-4
Let u(n) = -5*n**3 + 9*n - 6. Let f = -10646 + 10649. Calculate u(f).
-114
Let q(z) be the second derivative of 17*z - 5/4*z**4 - 3/40*z**5 + 1/720*z**6 + 0 + 0*z**2 + 0*z**3. Let i(n) be the third derivative of q(n). Calculate i(8).
-1
Suppose -2*m = 11 + 13. Let a = -12 - m. Let x(p) = p - 10*p**2 - 16 + 29*p**2 - 18*p**2. What is x(a)?
-16
Suppose 33*b = -12 + 15 + 63. Let m(c) be the first derivative of -1/2*c**b + 26 + 3*c. What is m(5)?
-2
Let j(c) = 0*c**2 + 5 - 8*c**2 + 8*c + 7*c**2. Suppose -11 = -r + 2*t - 3*t, 2*t = -5*r + 46. Let z = 0 + r. What is j(z)?
5
Suppose -2*k - 12 = -8*k. Suppose k = 3*i - 7. Let h(z) = 0*z - 8*z**i + 2*z**3 + 4*z**2 + z + 5*z**3. Calculate h(4).
4
Let u = -11256 - -11252. Let q(c) = 49*c + 201. Give q(u).
5
Suppose -82*u = -81*u - 46. Suppose -133 = 27*c - u*c. Let m(z) = -z - 1. Give m(c).
-8
Let j(c) be the first derivative of -c**3 + c + 2. Suppose 0 = -3*p + 15 - 60. Let a = 16 + p. Calculate j(a).
-2
Let l(b) = 2*b**2 + 20*b + 1. Let s(a) = a**3 - 7*a**2 + 2*a - 24. Suppose -1 - 20 = -3*j - 6*d, 0 = 3*j + 5*d - 21. Let k be s(j). What is l(k)?
1
Let l(w) = -2*w**3 + w**2 + 5*w + 6. Let y(b) = -7*b**3 + 3*b**2 + 14*b + 17. Suppose -34 = -3*r + 17. Let k(t) = r*l(t) - 6*y(t). What is k(1)?
8
Let f = 35 + -24. Suppose 9 = u - 3*m + m, u + 2*m = -f. Let k(v) = 8 - 7*v - 9 + 1. Determine k(u).
7
Let o(j) = -j**3 + 2*j + 1. Let z be o(-1). Suppose -14*p + 5*p + 54 = z. Let k(q) = q**2 - 4*q - 4. Let u be k(p). Let v(c) = c**2 - 9*c + 5. What is v(u)?
-3
Let z(t) = t**3 + 13*t**2 + 24*t + 9. Let q be z(-11). Let k(u) = -u**3 - 12*u**2 + 13*u + 6. Calculate k(q).
6
Let a be (5/(-2 + 65/35))/((-30)/12). Let d(h) = -h**2 + 14*h - 19. Give d(a).
-19
Suppose -1864*b + 599 + 1901 = -1964*b. Let l(r) = -r**2 - 31*r - 149. Calculate l(b).
1
L